tor of 26 and h.
26
Let f be -8 - -4 - 18/(-2). Suppose f + 9 = s. Suppose -s - 3 = -v. Calculate the highest common divisor of 17 and v.
17
Let l be (-1 - -3) + 0 + 0 + 1523. What is the greatest common divisor of l and 61?
61
Let p(z) = -404*z**3 - 2*z + 2. Let a be p(1). Let y = a - -660. What is the greatest common divisor of y and 32?
32
Suppose -2*i + 161 + 74 = 5*u, 188 = 4*u - 3*i. Calculate the highest common divisor of 141 and u.
47
Let g(f) = -f**3 - f**2 + 4*f - 3. Let b be g(2). Let j be -26*(b/(-2) + -3). Let a = 15 + j. What is the greatest common divisor of a and 3?
1
Suppose -5*r + 10*r = 2*c + 38, 5*c + 35 = 5*r. Suppose 0 = 18*h - 39 - 105. What is the greatest common divisor of h and r?
8
Let x be 139/1 + -3 + 7 + 0. Calculate the highest common divisor of 22 and x.
11
Let u(y) = y - 3. Let a be u(6). Let f be (-21)/84 - (-90)/8. Suppose 8*m - f*m = -63. What is the highest common divisor of m and a?
3
Let q = -142 - -178. What is the highest common divisor of q and 8?
4
Suppose -11*c + 21 + 969 = 0. Calculate the highest common divisor of 495 and c.
45
Let m be (0 - -28)/((-8)/32). Let u be -2 + (-11)/(-5) - m/40. Calculate the greatest common factor of u and 6.
3
Let g be (54/(-21))/((-6)/56). Suppose -2*y - g = -84. Let r = -12 + 27. Calculate the highest common factor of y and r.
15
Suppose m - 2*h - 81 = -5*h, -4*m - 4*h + 356 = 0. Calculate the highest common divisor of 1767 and m.
93
Let z(a) = 2*a**3 - a - 30. Let q be z(7). Calculate the greatest common divisor of 59 and q.
59
Let n = 52 + -36. Let v be (n - 17)/((-1)/14). Calculate the highest common divisor of v and 154.
14
Suppose 3*j + 75 = 234. Let u = -43 + j. Calculate the greatest common divisor of 80 and u.
10
Suppose 40 = 14*g - 10*g. Suppose -g*l = -16*l + 330. Let b = -28 - -50. What is the highest common factor of b and l?
11
Let d = 16 - 10. Let l be (-48)/18*(-9)/d. Suppose 7*o - 60 = 4*o. Calculate the greatest common factor of o and l.
4
Let l(c) = 5*c - 22. Let a be l(8). What is the highest common factor of a and 27?
9
Let z be (-6)/((-72)/(-255) - (-4)/(-10)). What is the highest common factor of z and 17?
17
Suppose -12 = 18*f - 22*f. Suppose 35 = f*d + 5. Calculate the highest common factor of 1 and d.
1
Suppose 26*m = 25*m + 9. Suppose 0 = 2*n - m - 11. Suppose -6*d + n*d - 8 = 0. What is the highest common factor of d and 6?
2
Suppose m - 4*m = -6. Suppose 78*b - 795 = 74*b - 5*s, 0 = 4*s + 4. Suppose m*j = 0, 0*u + b = 2*u - 4*j. Calculate the highest common divisor of 25 and u.
25
Suppose -27*j - 33 = -28*j. Let t be (14/6)/(1/j). What is the greatest common factor of t and 22?
11
Let o be -21*(-10)/4*10. Suppose o = 3*g - 5*b, 0 = g + b + b - 186. What is the greatest common divisor of 20 and g?
20
Let d(k) = 11*k + 19*k**2 + 21 + 12*k + k**3 - 6*k. Let j be d(-18). Calculate the highest common divisor of j and 26.
13
Suppose -16 = -5*h + 2*w, 2*h = -4*w - 6 - 2. Suppose -3*y = -6, y = h*c + 5*y - 200. Calculate the greatest common factor of 64 and c.
32
Suppose -5*a - 16 + 6 = 0. Let b be a/(2/6 - (-80)/(-168)). What is the greatest common factor of b and 28?
14
Let d = -27 - -32. Suppose -d*b = -4*b. Suppose m - 2*m - 4*l + 25 = b, -4*m = -l - 32. Calculate the highest common divisor of m and 3.
3
Let a(y) = y**2 - 3*y - 1. Let i be a(-4). Let n be 2 + (85 - 0) - (-78)/(-13). Calculate the greatest common factor of n and i.
27
Let m(f) = 4*f**2 + 3*f - 2. Let w be m(1). Suppose -4*z - 29 = 3. Let a = z + 13. Calculate the greatest common factor of a and w.
5
Let f be 2 + (-9)/4 - (-473)/4. Suppose -q - 5*u + f = 0, -q = 2*u - 4*u - 104. Calculate the highest common factor of 12 and q.
12
Let x(r) = -2*r + 1. Let j be x(-3). Let b be 182/26 - 4/1. Suppose -z - 143 = -b*g, -4*g = z - 172 - 28. What is the greatest common divisor of j and g?
7
Let h be 690/8 - 7/28. Let k = -68 + h. What is the highest common factor of k and 27?
9
Let h be (-60)/8*(-144)/20. What is the greatest common factor of 4 and h?
2
Let a be (-4)/(-12)*3*0. Let l be (5 - 4)/(2/20 - a). Calculate the greatest common factor of l and 2.
2
Let a = 681 + -626. Calculate the highest common factor of a and 440.
55
Let k be (7/(-2) + 0)*2. Let j be (-4)/14 - 30/k. Suppose 0 = -j*c - 4*u, c - 4*c = -5*u - 16. Calculate the greatest common factor of c and 8.
2
Suppose 0 = 3*m + 20*m - 621. What is the highest common factor of m and 108?
27
Suppose n - 140 = -4*t, n - 155 = 12*t - 13*t. What is the highest common factor of n and 20?
20
Let f = -1648 - -1738. Calculate the greatest common divisor of 585 and f.
45
Let g(l) = 21*l**2. Let f be g(-1). Let k be 2/7 - (-225)/f. Let o = 15 - k. What is the greatest common factor of o and 8?
4
Let y be 81/(-15) + 14/35 - -159. Calculate the greatest common divisor of 11 and y.
11
Let r(w) = -w + 13. Let p be r(11). Let b = 56 - 94. Let y = 52 + b. What is the greatest common divisor of y and p?
2
Let a(p) = -4*p + 137. Let l be a(24). Calculate the highest common divisor of l and 41.
41
Suppose u - 4*r - 57 - 2 = 0, -4*u - 4*r + 216 = 0. Suppose 24*x - 130 = -10. What is the greatest common factor of u and x?
5
Suppose 0 = 4*x + x - 35. Let d(a) = 3 + 2 + 3*a**3 - a**2 - 2*a + 4 - x. Let z be d(1). Calculate the greatest common factor of z and 5.
1
Let u = -212 - -245. What is the highest common divisor of 165 and u?
33
Let y(o) = -o**3 + 12*o**2 - o - 4. Let u be y(10). Suppose 0 = -8*n + 786 - u. What is the highest common divisor of n and 30?
15
Suppose 216 = 4*t + 4*c, -2*c = 2*t - 3*c - 93. Let f(s) = s**3 + 8*s**2 - 3*s - 10. Let j be f(-8). Calculate the greatest common factor of t and j.
7
Suppose -32*o = -61*o + 1160. What is the highest common factor of o and 8?
8
Let r = 35 - -125. Calculate the highest common divisor of 32 and r.
32
Let w(x) = x**2 - 3*x + 5. Let d be w(3). Suppose 192 = d*u - 48. Suppose 0 = 7*p - 3*p - u. Calculate the greatest common factor of p and 30.
6
Let f = -90 + 85. Let z be f + 4 - -96 - 4. Let t = -22 - -35. What is the highest common divisor of z and t?
13
Let q(o) = -o**2 - 6*o - 5 + o - 6*o. Let z be q(-7). Calculate the highest common factor of z and 69.
23
Suppose 2*q = -u + 1485, -2*q = 15*u - 13*u - 1490. What is the highest common factor of q and 40?
20
Let m(u) = -u**3 + 12*u**2 - 7*u - 2. Let s be m(10). Let y be s/2 + (4 - 8). What is the highest common factor of 12 and y?
12
Let p(c) = -2*c**2 + 79*c - 183. Let h be p(35). Calculate the highest common divisor of 12 and h.
12
Suppose 0 = 5*m - 3*p - 6, -4*m + p + 10 = 1. Suppose -4*w + w + m = 0. What is the greatest common factor of w and 4?
1
Let m(d) = -d**3 + d**2 + 73. Let s be m(0). Let u = s - 4. Calculate the greatest common factor of 46 and u.
23
Let w(r) = 34*r + 99. Let s be w(0). Calculate the highest common divisor of 9 and s.
9
Suppose -w + f + 2 = 0, -f - f = -5*w + 19. Suppose -4*d = -3*c - 2*d + 117, 0 = -w*d. What is the highest common factor of c and 78?
39
Let j be 6*(-4 + (-36)/(-8)) - -32. Calculate the greatest common factor of 10 and j.
5
Let m(i) = 3*i - 10. Let r be m(5). Suppose -a = -r*a + 220. Let d = 2 + 3. Calculate the highest common factor of a and d.
5
Let i be (3 + -8)/(-1) + -2. Suppose 127 = -8*g + 4*g - i*l, -151 = 5*g - 4*l. Let y = 48 + g. Calculate the highest common divisor of y and 119.
17
Let h = 96 + -98. Let o be 1*(h + 1)*(6 - 12). What is the highest common divisor of o and 2?
2
Let r(g) = g**3 + 15*g**2 + g + 17. Let a be r(-15). Suppose a*u - 32 = -4*v, -3*u - 2*v + 36 = -0*u. Calculate the highest common factor of 110 and u.
10
Suppose 5 = 3*s + 2*s. Let m be (s + -5 - -17)/(2/6). What is the greatest common factor of m and 13?
13
Let c be 13/((-117)/9) + 11. Calculate the highest common divisor of 270 and c.
10
Let d(v) = v - 2. Let p be d(2). Let f be (-2)/(-2)*(p + -1) - -34. What is the highest common divisor of 3 and f?
3
Let p(m) = m**2 - m + 1. Let q be 2/8 + 98/56. Let t be p(q). Let z(a) = 5*a**2 - 3. Let u be z(t). Calculate the highest common factor of 63 and u.
21
Suppose 0 = -14*l + 17*l + 18. Let y(o) = -o**3 - 6*o**2 - o. Let u be y(l). What is the highest common divisor of u and 6?
6
Suppose -4*n - 13 = 5*t, 2*n - 5*t = -n + 34. Suppose -n = -o, 3*s + 2*o = 8 + 9